{"id":1108,"date":"2024-09-12T11:53:02","date_gmt":"2024-09-12T09:53:02","guid":{"rendered":"https:\/\/galerie-argentique.com\/?post_type=product&#038;p=1108"},"modified":"2025-08-15T13:43:41","modified_gmt":"2025-08-15T11:43:41","slug":"station-christian-capron-photographie-tirage-argentique","status":"publish","type":"product","link":"https:\/\/galerie-argentique.com\/index.php\/produit\/station-christian-capron-photographie-tirage-argentique\/","title":{"rendered":"Station"},"content":{"rendered":"<p>Namibie 2024<\/p>\n<p>Format papier photographique &#8211; papier 40 x 30,5 &#8211; image 35,5 x 24,2 .<\/p>\n<p>Tir\u00e9 par l&rsquo;auteur sur papier Baryt\u00e9\u00a0 Ilford Warmtone semi mat<\/p>\n<p>Certificat d&rsquo;authenticit\u00e9<\/p>\n<p><a href=\"https:\/\/galerie-argentique.com\/index.php\/photographie-d-art-christian-capron-photographie-ile-de-la-reunion-saint-leu\/\"><strong>Possibilit\u00e9 certification ArtTrust\u00a0<\/strong><\/a><\/p>\n<p>&nbsp;<\/p>\n<p>TIRAGE ORIGINAL\u00a0 s\u00e9rie de 15 exemplaires, tous formats confondus avec marge blanche.<br \/>\nInformations inscrites au dos de la photographie :<br \/>\n&#8211; la signature de l&rsquo;artiste<br \/>\n&#8211; le nom du tireur et la date du tirage<br \/>\n&#8211; lieu de prise de vue<br \/>\n&#8211; la date de l&rsquo;oeuvre<br \/>\nTimbre \u00e0 sec en bas \u00e0 droite.<\/p>\n<p>Marge blanche autour de la photo. Signature et n\u00b0 du tirage sur la marge en bas.<\/p>\n<p>&nbsp;<\/p>\n","protected":false},"excerpt":{"rendered":"<p><strong>Station<\/strong><\/p>\n<p>210 \u20ac<\/p>\n<p>Tirage argentique de collection n\u00b0 5\/15<\/p>\n<p>Exp\u00e9dition dans nombreux pays, me contacter.<\/p>\n<p>&nbsp;<\/p>\n<p>&nbsp;<\/p>\n<p>&nbsp;<\/p>\n<p>&nbsp;<\/p>\n<p>&nbsp;<\/p>\n","protected":false},"featured_media":1180,"template":"","meta":[],"product_brand":[],"product_cat":[50,54],"product_tag":[60],"class_list":{"0":"post-1108","1":"product","2":"type-product","3":"status-publish","4":"has-post-thumbnail","6":"product_cat-30-x-40","7":"product_cat-namibie","8":"product_tag-namibie","10":"first","11":"instock","12":"sold-individually","13":"shipping-taxable","14":"product-type-simple"},"yoast_head":"<!-- This site is optimized with the Yoast SEO plugin v27.3 - https:\/\/yoast.com\/product\/yoast-seo-wordpress\/ -->\n<title>Station - Atelier \/ Galerie argentique<\/title>\n<meta name=\"description\" content=\"Station, d\u00e9sert du Namib 2024. Tirage argentique papier Baryt\u00e9 Ilford. Photo et tirage Christian CAPRON Photographie. Exp\u00e9dition dans nombreux pays.\" \/>\n<meta name=\"robots\" content=\"index, follow, max-snippet:-1, max-image-preview:large, max-video-preview:-1\" \/>\n<link rel=\"canonical\" href=\"https:\/\/galerie-argentique.com\/index.php\/produit\/station-christian-capron-photographie-tirage-argentique\/\" \/>\n<meta property=\"og:locale\" content=\"fr_FR\" \/>\n<meta property=\"og:type\" content=\"article\" \/>\n<meta property=\"og:title\" content=\"Station - Atelier \/ Galerie argentique\" \/>\n<meta property=\"og:description\" content=\"Station, d\u00e9sert du Namib 2024. Tirage argentique papier Baryt\u00e9 Ilford. Photo et tirage Christian CAPRON Photographie. Exp\u00e9dition dans nombreux pays.\" \/>\n<meta property=\"og:url\" content=\"https:\/\/galerie-argentique.com\/index.php\/produit\/station-christian-capron-photographie-tirage-argentique\/\" \/>\n<meta property=\"og:site_name\" content=\"Atelier \/ Galerie argentique\" \/>\n<meta property=\"article:publisher\" content=\"https:\/\/www.facebook.com\/christian.capron.Photographie\/\" \/>\n<meta property=\"article:modified_time\" content=\"2025-08-15T11:43:41+00:00\" \/>\n<meta property=\"og:image\" content=\"https:\/\/galerie-argentique.com\/wp-content\/uploads\/2024\/09\/Pour-le-site-Station.webp\" \/>\n\t<meta property=\"og:image:width\" content=\"871\" \/>\n\t<meta property=\"og:image:height\" content=\"658\" \/>\n\t<meta property=\"og:image:type\" content=\"image\/jpeg\" \/>\n<meta name=\"twitter:card\" content=\"summary_large_image\" \/>\n<meta name=\"twitter:label1\" content=\"Dur\u00e9e de lecture estim\u00e9e\" \/>\n\t<meta name=\"twitter:data1\" content=\"1 minute\" \/>\n<script type=\"application\/ld+json\" class=\"yoast-schema-graph\">{\"@context\":\"https:\\\/\\\/schema.org\",\"@graph\":[{\"@type\":\"WebPage\",\"@id\":\"https:\\\/\\\/galerie-argentique.com\\\/index.php\\\/produit\\\/station-christian-capron-photographie-tirage-argentique\\\/\",\"url\":\"https:\\\/\\\/galerie-argentique.com\\\/index.php\\\/produit\\\/station-christian-capron-photographie-tirage-argentique\\\/\",\"name\":\"Station - Atelier \\\/ Galerie argentique\",\"isPartOf\":{\"@id\":\"https:\\\/\\\/galerie-argentique.com\\\/#website\"},\"primaryImageOfPage\":{\"@id\":\"https:\\\/\\\/galerie-argentique.com\\\/index.php\\\/produit\\\/station-christian-capron-photographie-tirage-argentique\\\/#primaryimage\"},\"image\":{\"@id\":\"https:\\\/\\\/galerie-argentique.com\\\/index.php\\\/produit\\\/station-christian-capron-photographie-tirage-argentique\\\/#primaryimage\"},\"thumbnailUrl\":\"https:\\\/\\\/galerie-argentique.com\\\/wp-content\\\/uploads\\\/2024\\\/09\\\/Pour-le-site-Station.webp\",\"datePublished\":\"2024-09-12T09:53:02+00:00\",\"dateModified\":\"2025-08-15T11:43:41+00:00\",\"description\":\"Station, d\u00e9sert du Namib 2024. Tirage argentique papier Baryt\u00e9 Ilford. Photo et tirage Christian CAPRON Photographie. Exp\u00e9dition dans nombreux pays.\",\"breadcrumb\":{\"@id\":\"https:\\\/\\\/galerie-argentique.com\\\/index.php\\\/produit\\\/station-christian-capron-photographie-tirage-argentique\\\/#breadcrumb\"},\"inLanguage\":\"fr-FR\",\"potentialAction\":[{\"@type\":\"ReadAction\",\"target\":[\"https:\\\/\\\/galerie-argentique.com\\\/index.php\\\/produit\\\/station-christian-capron-photographie-tirage-argentique\\\/\"]}]},{\"@type\":\"ImageObject\",\"inLanguage\":\"fr-FR\",\"@id\":\"https:\\\/\\\/galerie-argentique.com\\\/index.php\\\/produit\\\/station-christian-capron-photographie-tirage-argentique\\\/#primaryimage\",\"url\":\"https:\\\/\\\/galerie-argentique.com\\\/wp-content\\\/uploads\\\/2024\\\/09\\\/Pour-le-site-Station.webp\",\"contentUrl\":\"https:\\\/\\\/galerie-argentique.com\\\/wp-content\\\/uploads\\\/2024\\\/09\\\/Pour-le-site-Station.webp\",\"width\":871,\"height\":658,\"caption\":\"Namibi Christian Capron Tirage argentique\"},{\"@type\":\"BreadcrumbList\",\"@id\":\"https:\\\/\\\/galerie-argentique.com\\\/index.php\\\/produit\\\/station-christian-capron-photographie-tirage-argentique\\\/#breadcrumb\",\"itemListElement\":[{\"@type\":\"ListItem\",\"position\":1,\"name\":\"Accueil\",\"item\":\"https:\\\/\\\/galerie-argentique.com\\\/\"},{\"@type\":\"ListItem\",\"position\":2,\"name\":\"Boutique\",\"item\":\"https:\\\/\\\/galerie-argentique.com\\\/index.php\\\/tirages-de-collections-boutique-editions-limitees\\\/\"},{\"@type\":\"ListItem\",\"position\":3,\"name\":\"Station\"}]},{\"@type\":\"WebSite\",\"@id\":\"https:\\\/\\\/galerie-argentique.com\\\/#website\",\"url\":\"https:\\\/\\\/galerie-argentique.com\\\/\",\"name\":\"Atelier \\\/ Galerie argentique\",\"description\":\"Christian CAPRON\",\"publisher\":{\"@id\":\"https:\\\/\\\/galerie-argentique.com\\\/#\\\/schema\\\/person\\\/8df0e7a68763fc385a469968f19edffc\"},\"potentialAction\":[{\"@type\":\"SearchAction\",\"target\":{\"@type\":\"EntryPoint\",\"urlTemplate\":\"https:\\\/\\\/galerie-argentique.com\\\/?s={search_term_string}\"},\"query-input\":{\"@type\":\"PropertyValueSpecification\",\"valueRequired\":true,\"valueName\":\"search_term_string\"}}],\"inLanguage\":\"fr-FR\"},{\"@type\":[\"Person\",\"Organization\"],\"@id\":\"https:\\\/\\\/galerie-argentique.com\\\/#\\\/schema\\\/person\\\/8df0e7a68763fc385a469968f19edffc\",\"name\":\"Christian CAPRON\",\"logo\":{\"@id\":\"https:\\\/\\\/galerie-argentique.com\\\/#\\\/schema\\\/person\\\/image\\\/\"},\"sameAs\":[\"https:\\\/\\\/galerie-argentique.com\\\/\",\"https:\\\/\\\/www.facebook.com\\\/christian.capron.Photographie\\\/\",\"https:\\\/\\\/www.instagram.com\\\/christiancapron\\\/?hl=fr\"]}]}<\/script>\n<!-- \/ Yoast SEO plugin. -->","yoast_head_json":{"title":"Station - Atelier \/ Galerie argentique","description":"Station, d\u00e9sert du Namib 2024. Tirage argentique papier Baryt\u00e9 Ilford. Photo et tirage Christian CAPRON Photographie. Exp\u00e9dition dans nombreux pays.","robots":{"index":"index","follow":"follow","max-snippet":"max-snippet:-1","max-image-preview":"max-image-preview:large","max-video-preview":"max-video-preview:-1"},"canonical":"https:\/\/galerie-argentique.com\/index.php\/produit\/station-christian-capron-photographie-tirage-argentique\/","og_locale":"fr_FR","og_type":"article","og_title":"Station - Atelier \/ Galerie argentique","og_description":"Station, d\u00e9sert du Namib 2024. Tirage argentique papier Baryt\u00e9 Ilford. Photo et tirage Christian CAPRON Photographie. Exp\u00e9dition dans nombreux pays.","og_url":"https:\/\/galerie-argentique.com\/index.php\/produit\/station-christian-capron-photographie-tirage-argentique\/","og_site_name":"Atelier \/ Galerie argentique","article_publisher":"https:\/\/www.facebook.com\/christian.capron.Photographie\/","article_modified_time":"2025-08-15T11:43:41+00:00","og_image":[{"width":871,"height":658,"url":"https:\/\/galerie-argentique.com\/wp-content\/uploads\/2024\/09\/Pour-le-site-Station.webp","type":"image\/jpeg"}],"twitter_card":"summary_large_image","twitter_misc":{"Dur\u00e9e de lecture estim\u00e9e":"1 minute"},"schema":{"@context":"https:\/\/schema.org","@graph":[{"@type":"WebPage","@id":"https:\/\/galerie-argentique.com\/index.php\/produit\/station-christian-capron-photographie-tirage-argentique\/","url":"https:\/\/galerie-argentique.com\/index.php\/produit\/station-christian-capron-photographie-tirage-argentique\/","name":"Station - Atelier \/ Galerie argentique","isPartOf":{"@id":"https:\/\/galerie-argentique.com\/#website"},"primaryImageOfPage":{"@id":"https:\/\/galerie-argentique.com\/index.php\/produit\/station-christian-capron-photographie-tirage-argentique\/#primaryimage"},"image":{"@id":"https:\/\/galerie-argentique.com\/index.php\/produit\/station-christian-capron-photographie-tirage-argentique\/#primaryimage"},"thumbnailUrl":"https:\/\/galerie-argentique.com\/wp-content\/uploads\/2024\/09\/Pour-le-site-Station.webp","datePublished":"2024-09-12T09:53:02+00:00","dateModified":"2025-08-15T11:43:41+00:00","description":"Station, d\u00e9sert du Namib 2024. Tirage argentique papier Baryt\u00e9 Ilford. Photo et tirage Christian CAPRON Photographie. Exp\u00e9dition dans nombreux pays.","breadcrumb":{"@id":"https:\/\/galerie-argentique.com\/index.php\/produit\/station-christian-capron-photographie-tirage-argentique\/#breadcrumb"},"inLanguage":"fr-FR","potentialAction":[{"@type":"ReadAction","target":["https:\/\/galerie-argentique.com\/index.php\/produit\/station-christian-capron-photographie-tirage-argentique\/"]}]},{"@type":"ImageObject","inLanguage":"fr-FR","@id":"https:\/\/galerie-argentique.com\/index.php\/produit\/station-christian-capron-photographie-tirage-argentique\/#primaryimage","url":"https:\/\/galerie-argentique.com\/wp-content\/uploads\/2024\/09\/Pour-le-site-Station.webp","contentUrl":"https:\/\/galerie-argentique.com\/wp-content\/uploads\/2024\/09\/Pour-le-site-Station.webp","width":871,"height":658,"caption":"Namibi Christian Capron Tirage argentique"},{"@type":"BreadcrumbList","@id":"https:\/\/galerie-argentique.com\/index.php\/produit\/station-christian-capron-photographie-tirage-argentique\/#breadcrumb","itemListElement":[{"@type":"ListItem","position":1,"name":"Accueil","item":"https:\/\/galerie-argentique.com\/"},{"@type":"ListItem","position":2,"name":"Boutique","item":"https:\/\/galerie-argentique.com\/index.php\/tirages-de-collections-boutique-editions-limitees\/"},{"@type":"ListItem","position":3,"name":"Station"}]},{"@type":"WebSite","@id":"https:\/\/galerie-argentique.com\/#website","url":"https:\/\/galerie-argentique.com\/","name":"Atelier \/ Galerie argentique","description":"Christian CAPRON","publisher":{"@id":"https:\/\/galerie-argentique.com\/#\/schema\/person\/8df0e7a68763fc385a469968f19edffc"},"potentialAction":[{"@type":"SearchAction","target":{"@type":"EntryPoint","urlTemplate":"https:\/\/galerie-argentique.com\/?s={search_term_string}"},"query-input":{"@type":"PropertyValueSpecification","valueRequired":true,"valueName":"search_term_string"}}],"inLanguage":"fr-FR"},{"@type":["Person","Organization"],"@id":"https:\/\/galerie-argentique.com\/#\/schema\/person\/8df0e7a68763fc385a469968f19edffc","name":"Christian CAPRON","logo":{"@id":"https:\/\/galerie-argentique.com\/#\/schema\/person\/image\/"},"sameAs":["https:\/\/galerie-argentique.com\/","https:\/\/www.facebook.com\/christian.capron.Photographie\/","https:\/\/www.instagram.com\/christiancapron\/?hl=fr"]}]}},"jetpack_sharing_enabled":true,"_links":{"self":[{"href":"https:\/\/galerie-argentique.com\/index.php\/wp-json\/wp\/v2\/product\/1108","targetHints":{"allow":["GET"]}}],"collection":[{"href":"https:\/\/galerie-argentique.com\/index.php\/wp-json\/wp\/v2\/product"}],"about":[{"href":"https:\/\/galerie-argentique.com\/index.php\/wp-json\/wp\/v2\/types\/product"}],"wp:featuredmedia":[{"embeddable":true,"href":"https:\/\/galerie-argentique.com\/index.php\/wp-json\/wp\/v2\/media\/1180"}],"wp:attachment":[{"href":"https:\/\/galerie-argentique.com\/index.php\/wp-json\/wp\/v2\/media?parent=1108"}],"wp:term":[{"taxonomy":"product_brand","embeddable":true,"href":"https:\/\/galerie-argentique.com\/index.php\/wp-json\/wp\/v2\/product_brand?post=1108"},{"taxonomy":"product_cat","embeddable":true,"href":"https:\/\/galerie-argentique.com\/index.php\/wp-json\/wp\/v2\/product_cat?post=1108"},{"taxonomy":"product_tag","embeddable":true,"href":"https:\/\/galerie-argentique.com\/index.php\/wp-json\/wp\/v2\/product_tag?post=1108"}],"curies":[{"name":"wp","href":"https:\/\/api.w.org\/{rel}","templated":true}]}}