{"id":930,"date":"2024-05-19T13:10:16","date_gmt":"2024-05-19T11:10:16","guid":{"rendered":"https:\/\/galerie-argentique.com\/?post_type=product&#038;p=930"},"modified":"2025-08-15T13:53:35","modified_gmt":"2025-08-15T11:53:35","slug":"reunion-au-sommet-guyane-christian-capro-photographie","status":"publish","type":"product","link":"https:\/\/galerie-argentique.com\/index.php\/produit\/reunion-au-sommet-guyane-christian-capro-photographie\/","title":{"rendered":"R\u00e9union au sommet"},"content":{"rendered":"<p>Guyane Fran\u00e7aise 2004<\/p>\n<p>Format papier photographique\u00a0 30&#215;40 (photo et marge blanche)<\/p>\n<p>Ce tirage a \u00e9t\u00e9 tir\u00e9 manuellement par l\u2019auteur, dans son labo sur papier Baryt\u00e9 Ilford Warmtone 255gr \u00e0 base de grains d&rsquo;argent<\/p>\n<p>Certificat d&rsquo;authenticit\u00e9,<\/p>\n<p><a href=\"https:\/\/galerie-argentique.com\/index.php\/photographie-d-art-christian-capron-photographie-ile-de-la-reunion-saint-leu\/\"><strong>Possibilit\u00e9 certification ArtTrust\u00a0<\/strong><\/a><\/p>\n<p>&nbsp;<\/p>\n<p><strong>TIRAGE ORIGINAL DE COLLECTION\u00a0<\/strong> s\u00e9rie de 9 exemplaires, tous formats confondus avec marge blanche.<br \/>\nInformations inscrites au dos de la photographie :<br \/>\n&#8211; la signature de l&rsquo;artiste<br \/>\n&#8211; le nom du tireur et la date du tirage<br \/>\n&#8211; lieu de prise de vue<br \/>\n&#8211; la date de l&rsquo;oeuvre<br \/>\nTimbre \u00e0 sec en bas \u00e0 droite.<\/p>\n<p>Marge blanche autour de la photo. Signature et n\u00b0 du tirage sur la marge en bas<\/p>\n","protected":false},"excerpt":{"rendered":"<p><strong>R\u00e9union au sommet<\/strong><\/p>\n<p>240 \u20ac<\/p>\n<p>Tirage argentique de collection n\u00b05\/9<\/p>\n<p>&nbsp;<\/p>\n","protected":false},"featured_media":931,"template":"","meta":[],"product_brand":[],"product_cat":[50,47],"product_tag":[],"class_list":{"0":"post-930","1":"product","2":"type-product","3":"status-publish","4":"has-post-thumbnail","6":"product_cat-30-x-40","7":"product_cat-guyane","9":"first","10":"instock","11":"sold-individually","12":"shipping-taxable","13":"product-type-simple"},"yoast_head":"<!-- This site is optimized with the Yoast SEO plugin v27.5 - https:\/\/yoast.com\/product\/yoast-seo-wordpress\/ -->\n<title>R\u00e9union au sommet - Atelier \/ Galerie argentique<\/title>\n<meta name=\"description\" content=\"Guyane Fran\u00e7aise , tirage argentique num\u00e9rot\u00e9. Christian CAPRON Photographie. Exp\u00e9dition dans nombreux pays, me contacter.\" \/>\n<meta name=\"robots\" content=\"index, follow, max-snippet:-1, max-image-preview:large, max-video-preview:-1\" \/>\n<link rel=\"canonical\" href=\"https:\/\/galerie-argentique.com\/index.php\/produit\/reunion-au-sommet-guyane-christian-capro-photographie\/\" \/>\n<meta property=\"og:locale\" content=\"fr_FR\" \/>\n<meta property=\"og:type\" content=\"article\" \/>\n<meta property=\"og:title\" content=\"R\u00e9union au sommet - Atelier \/ Galerie argentique\" \/>\n<meta property=\"og:description\" content=\"Guyane Fran\u00e7aise , tirage argentique num\u00e9rot\u00e9. Christian CAPRON Photographie. Exp\u00e9dition dans nombreux pays, me contacter.\" \/>\n<meta property=\"og:url\" content=\"https:\/\/galerie-argentique.com\/index.php\/produit\/reunion-au-sommet-guyane-christian-capro-photographie\/\" \/>\n<meta property=\"og:site_name\" content=\"Atelier \/ Galerie argentique\" \/>\n<meta property=\"article:publisher\" content=\"https:\/\/www.facebook.com\/christian.capron.Photographie\/\" \/>\n<meta property=\"article:modified_time\" content=\"2025-08-15T11:53:35+00:00\" \/>\n<meta property=\"og:image\" content=\"https:\/\/galerie-argentique.com\/wp-content\/uploads\/2024\/05\/cadre-jpg.webp\" \/>\n\t<meta property=\"og:image:width\" content=\"900\" \/>\n\t<meta property=\"og:image:height\" content=\"726\" \/>\n\t<meta property=\"og:image:type\" content=\"image\/jpeg\" \/>\n<meta name=\"twitter:card\" content=\"summary_large_image\" \/>\n<meta name=\"twitter:label1\" content=\"Dur\u00e9e de lecture estim\u00e9e\" \/>\n\t<meta name=\"twitter:data1\" content=\"1 minute\" \/>\n<script type=\"application\/ld+json\" class=\"yoast-schema-graph\">{\"@context\":\"https:\\\/\\\/schema.org\",\"@graph\":[{\"@type\":\"WebPage\",\"@id\":\"https:\\\/\\\/galerie-argentique.com\\\/index.php\\\/produit\\\/reunion-au-sommet-guyane-christian-capro-photographie\\\/\",\"url\":\"https:\\\/\\\/galerie-argentique.com\\\/index.php\\\/produit\\\/reunion-au-sommet-guyane-christian-capro-photographie\\\/\",\"name\":\"R\u00e9union au sommet - Atelier \\\/ Galerie argentique\",\"isPartOf\":{\"@id\":\"https:\\\/\\\/galerie-argentique.com\\\/#website\"},\"primaryImageOfPage\":{\"@id\":\"https:\\\/\\\/galerie-argentique.com\\\/index.php\\\/produit\\\/reunion-au-sommet-guyane-christian-capro-photographie\\\/#primaryimage\"},\"image\":{\"@id\":\"https:\\\/\\\/galerie-argentique.com\\\/index.php\\\/produit\\\/reunion-au-sommet-guyane-christian-capro-photographie\\\/#primaryimage\"},\"thumbnailUrl\":\"https:\\\/\\\/galerie-argentique.com\\\/wp-content\\\/uploads\\\/2024\\\/05\\\/cadre-jpg.webp\",\"datePublished\":\"2024-05-19T11:10:16+00:00\",\"dateModified\":\"2025-08-15T11:53:35+00:00\",\"description\":\"Guyane Fran\u00e7aise , tirage argentique num\u00e9rot\u00e9. Christian CAPRON Photographie. Exp\u00e9dition dans nombreux pays, me contacter.\",\"breadcrumb\":{\"@id\":\"https:\\\/\\\/galerie-argentique.com\\\/index.php\\\/produit\\\/reunion-au-sommet-guyane-christian-capro-photographie\\\/#breadcrumb\"},\"inLanguage\":\"fr-FR\",\"potentialAction\":[{\"@type\":\"ReadAction\",\"target\":[\"https:\\\/\\\/galerie-argentique.com\\\/index.php\\\/produit\\\/reunion-au-sommet-guyane-christian-capro-photographie\\\/\"]}]},{\"@type\":\"ImageObject\",\"inLanguage\":\"fr-FR\",\"@id\":\"https:\\\/\\\/galerie-argentique.com\\\/index.php\\\/produit\\\/reunion-au-sommet-guyane-christian-capro-photographie\\\/#primaryimage\",\"url\":\"https:\\\/\\\/galerie-argentique.com\\\/wp-content\\\/uploads\\\/2024\\\/05\\\/cadre-jpg.webp\",\"contentUrl\":\"https:\\\/\\\/galerie-argentique.com\\\/wp-content\\\/uploads\\\/2024\\\/05\\\/cadre-jpg.webp\",\"width\":900,\"height\":726,\"caption\":\"Guyane Fran\u00e7aise\"},{\"@type\":\"BreadcrumbList\",\"@id\":\"https:\\\/\\\/galerie-argentique.com\\\/index.php\\\/produit\\\/reunion-au-sommet-guyane-christian-capro-photographie\\\/#breadcrumb\",\"itemListElement\":[{\"@type\":\"ListItem\",\"position\":1,\"name\":\"Accueil\",\"item\":\"https:\\\/\\\/galerie-argentique.com\\\/\"},{\"@type\":\"ListItem\",\"position\":2,\"name\":\"Boutique\",\"item\":\"https:\\\/\\\/galerie-argentique.com\\\/index.php\\\/tirages-de-collections-boutique-editions-limitees\\\/\"},{\"@type\":\"ListItem\",\"position\":3,\"name\":\"R\u00e9union au sommet\"}]},{\"@type\":\"WebSite\",\"@id\":\"https:\\\/\\\/galerie-argentique.com\\\/#website\",\"url\":\"https:\\\/\\\/galerie-argentique.com\\\/\",\"name\":\"Atelier \\\/ Galerie argentique\",\"description\":\"L\u00e0 o\u00f9 la photographie devient Art\",\"publisher\":{\"@id\":\"https:\\\/\\\/galerie-argentique.com\\\/#\\\/schema\\\/person\\\/8df0e7a68763fc385a469968f19edffc\"},\"potentialAction\":[{\"@type\":\"SearchAction\",\"target\":{\"@type\":\"EntryPoint\",\"urlTemplate\":\"https:\\\/\\\/galerie-argentique.com\\\/?s={search_term_string}\"},\"query-input\":{\"@type\":\"PropertyValueSpecification\",\"valueRequired\":true,\"valueName\":\"search_term_string\"}}],\"inLanguage\":\"fr-FR\"},{\"@type\":[\"Person\",\"Organization\"],\"@id\":\"https:\\\/\\\/galerie-argentique.com\\\/#\\\/schema\\\/person\\\/8df0e7a68763fc385a469968f19edffc\",\"name\":\"Christian CAPRON\",\"logo\":{\"@id\":\"https:\\\/\\\/galerie-argentique.com\\\/#\\\/schema\\\/person\\\/image\\\/\"},\"sameAs\":[\"https:\\\/\\\/galerie-argentique.com\\\/\",\"https:\\\/\\\/www.facebook.com\\\/christian.capron.Photographie\\\/\",\"https:\\\/\\\/www.instagram.com\\\/christiancapron\\\/?hl=fr\"]}]}<\/script>\n<!-- \/ Yoast SEO plugin. -->","yoast_head_json":{"title":"R\u00e9union au sommet - Atelier \/ Galerie argentique","description":"Guyane Fran\u00e7aise , tirage argentique num\u00e9rot\u00e9. Christian CAPRON Photographie. Exp\u00e9dition dans nombreux pays, me contacter.","robots":{"index":"index","follow":"follow","max-snippet":"max-snippet:-1","max-image-preview":"max-image-preview:large","max-video-preview":"max-video-preview:-1"},"canonical":"https:\/\/galerie-argentique.com\/index.php\/produit\/reunion-au-sommet-guyane-christian-capro-photographie\/","og_locale":"fr_FR","og_type":"article","og_title":"R\u00e9union au sommet - Atelier \/ Galerie argentique","og_description":"Guyane Fran\u00e7aise , tirage argentique num\u00e9rot\u00e9. Christian CAPRON Photographie. Exp\u00e9dition dans nombreux pays, me contacter.","og_url":"https:\/\/galerie-argentique.com\/index.php\/produit\/reunion-au-sommet-guyane-christian-capro-photographie\/","og_site_name":"Atelier \/ Galerie argentique","article_publisher":"https:\/\/www.facebook.com\/christian.capron.Photographie\/","article_modified_time":"2025-08-15T11:53:35+00:00","og_image":[{"width":900,"height":726,"url":"https:\/\/galerie-argentique.com\/wp-content\/uploads\/2024\/05\/cadre-jpg.webp","type":"image\/jpeg"}],"twitter_card":"summary_large_image","twitter_misc":{"Dur\u00e9e de lecture estim\u00e9e":"1 minute"},"schema":{"@context":"https:\/\/schema.org","@graph":[{"@type":"WebPage","@id":"https:\/\/galerie-argentique.com\/index.php\/produit\/reunion-au-sommet-guyane-christian-capro-photographie\/","url":"https:\/\/galerie-argentique.com\/index.php\/produit\/reunion-au-sommet-guyane-christian-capro-photographie\/","name":"R\u00e9union au sommet - Atelier \/ Galerie argentique","isPartOf":{"@id":"https:\/\/galerie-argentique.com\/#website"},"primaryImageOfPage":{"@id":"https:\/\/galerie-argentique.com\/index.php\/produit\/reunion-au-sommet-guyane-christian-capro-photographie\/#primaryimage"},"image":{"@id":"https:\/\/galerie-argentique.com\/index.php\/produit\/reunion-au-sommet-guyane-christian-capro-photographie\/#primaryimage"},"thumbnailUrl":"https:\/\/galerie-argentique.com\/wp-content\/uploads\/2024\/05\/cadre-jpg.webp","datePublished":"2024-05-19T11:10:16+00:00","dateModified":"2025-08-15T11:53:35+00:00","description":"Guyane Fran\u00e7aise , tirage argentique num\u00e9rot\u00e9. Christian CAPRON Photographie. Exp\u00e9dition dans nombreux pays, me contacter.","breadcrumb":{"@id":"https:\/\/galerie-argentique.com\/index.php\/produit\/reunion-au-sommet-guyane-christian-capro-photographie\/#breadcrumb"},"inLanguage":"fr-FR","potentialAction":[{"@type":"ReadAction","target":["https:\/\/galerie-argentique.com\/index.php\/produit\/reunion-au-sommet-guyane-christian-capro-photographie\/"]}]},{"@type":"ImageObject","inLanguage":"fr-FR","@id":"https:\/\/galerie-argentique.com\/index.php\/produit\/reunion-au-sommet-guyane-christian-capro-photographie\/#primaryimage","url":"https:\/\/galerie-argentique.com\/wp-content\/uploads\/2024\/05\/cadre-jpg.webp","contentUrl":"https:\/\/galerie-argentique.com\/wp-content\/uploads\/2024\/05\/cadre-jpg.webp","width":900,"height":726,"caption":"Guyane Fran\u00e7aise"},{"@type":"BreadcrumbList","@id":"https:\/\/galerie-argentique.com\/index.php\/produit\/reunion-au-sommet-guyane-christian-capro-photographie\/#breadcrumb","itemListElement":[{"@type":"ListItem","position":1,"name":"Accueil","item":"https:\/\/galerie-argentique.com\/"},{"@type":"ListItem","position":2,"name":"Boutique","item":"https:\/\/galerie-argentique.com\/index.php\/tirages-de-collections-boutique-editions-limitees\/"},{"@type":"ListItem","position":3,"name":"R\u00e9union au sommet"}]},{"@type":"WebSite","@id":"https:\/\/galerie-argentique.com\/#website","url":"https:\/\/galerie-argentique.com\/","name":"Atelier \/ Galerie argentique","description":"L\u00e0 o\u00f9 la photographie devient Art","publisher":{"@id":"https:\/\/galerie-argentique.com\/#\/schema\/person\/8df0e7a68763fc385a469968f19edffc"},"potentialAction":[{"@type":"SearchAction","target":{"@type":"EntryPoint","urlTemplate":"https:\/\/galerie-argentique.com\/?s={search_term_string}"},"query-input":{"@type":"PropertyValueSpecification","valueRequired":true,"valueName":"search_term_string"}}],"inLanguage":"fr-FR"},{"@type":["Person","Organization"],"@id":"https:\/\/galerie-argentique.com\/#\/schema\/person\/8df0e7a68763fc385a469968f19edffc","name":"Christian CAPRON","logo":{"@id":"https:\/\/galerie-argentique.com\/#\/schema\/person\/image\/"},"sameAs":["https:\/\/galerie-argentique.com\/","https:\/\/www.facebook.com\/christian.capron.Photographie\/","https:\/\/www.instagram.com\/christiancapron\/?hl=fr"]}]}},"jetpack_sharing_enabled":true,"_links":{"self":[{"href":"https:\/\/galerie-argentique.com\/index.php\/wp-json\/wp\/v2\/product\/930","targetHints":{"allow":["GET"]}}],"collection":[{"href":"https:\/\/galerie-argentique.com\/index.php\/wp-json\/wp\/v2\/product"}],"about":[{"href":"https:\/\/galerie-argentique.com\/index.php\/wp-json\/wp\/v2\/types\/product"}],"wp:featuredmedia":[{"embeddable":true,"href":"https:\/\/galerie-argentique.com\/index.php\/wp-json\/wp\/v2\/media\/931"}],"wp:attachment":[{"href":"https:\/\/galerie-argentique.com\/index.php\/wp-json\/wp\/v2\/media?parent=930"}],"wp:term":[{"taxonomy":"product_brand","embeddable":true,"href":"https:\/\/galerie-argentique.com\/index.php\/wp-json\/wp\/v2\/product_brand?post=930"},{"taxonomy":"product_cat","embeddable":true,"href":"https:\/\/galerie-argentique.com\/index.php\/wp-json\/wp\/v2\/product_cat?post=930"},{"taxonomy":"product_tag","embeddable":true,"href":"https:\/\/galerie-argentique.com\/index.php\/wp-json\/wp\/v2\/product_tag?post=930"}],"curies":[{"name":"wp","href":"https:\/\/api.w.org\/{rel}","templated":true}]}}

Réunion au sommet

<p>Guyane Française 2004</p>
<p>Format papier photographique  30&#215;40 (photo et marge blanche)</p>
<p>Ce tirage a été tiré manuellement par l’auteur, dans son labo sur papier Baryté Ilford Warmtone 255gr à base de grains d&rsquo;argent</p>
<p>Certificat d&rsquo;authenticité,</p>
<p><a href="https://galerie-argentique.com/index.php/photographie-d-art-christian-capron-photographie-ile-de-la-reunion-saint-leu/"><strong>Possibilité certification ArtTrust </strong></a></p>
<p>&nbsp;</p>
<p><strong>TIRAGE ORIGINAL DE COLLECTION </strong> série de 9 exemplaires, tous formats confondus avec marge blanche.<br />
Informations inscrites au dos de la photographie :<br />
&#8211; la signature de l&rsquo;artiste<br />
&#8211; le nom du tireur et la date du tirage<br />
&#8211; lieu de prise de vue<br />
&#8211; la date de l&rsquo;oeuvre<br />
Timbre à sec en bas à droite.</p>
<p>Marge blanche autour de la photo. Signature et n° du tirage sur la marge en bas</p>

<p><strong>Réunion au sommet</strong></p>
<p>240 €</p>
<p>Tirage argentique de collection n°5/9</p>
<p>&nbsp;</p>

<!-- This site is optimized with the Yoast SEO plugin v27.5 - https://yoast.com/product/yoast-seo-wordpress/ -->
<title>Réunion au sommet - Atelier / Galerie argentique</title>
<meta name="description" content="Guyane Française , tirage argentique numéroté. Christian CAPRON Photographie. Expédition dans nombreux pays, me contacter." />
<meta name="robots" content="index, follow, max-snippet:-1, max-image-preview:large, max-video-preview:-1" />
<link rel="canonical" href="https://galerie-argentique.com/index.php/produit/reunion-au-sommet-guyane-christian-capro-photographie/" />
<meta property="og:locale" content="fr_FR" />
<meta property="og:type" content="article" />
<meta property="og:title" content="Réunion au sommet - Atelier / Galerie argentique" />
<meta property="og:description" content="Guyane Française , tirage argentique numéroté. Christian CAPRON Photographie. Expédition dans nombreux pays, me contacter." />
<meta property="og:url" content="https://galerie-argentique.com/index.php/produit/reunion-au-sommet-guyane-christian-capro-photographie/" />
<meta property="og:site_name" content="Atelier / Galerie argentique" />
<meta property="article:publisher" content="https://www.facebook.com/christian.capron.Photographie/" />
<meta property="article:modified_time" content="2025-08-15T11:53:35+00:00" />
<meta property="og:image" content="https://galerie-argentique.com/wp-content/uploads/2024/05/cadre-jpg.webp" />
	<meta property="og:image:width" content="900" />
	<meta property="og:image:height" content="726" />
	<meta property="og:image:type" content="image/jpeg" />
<meta name="twitter:card" content="summary_large_image" />
<meta name="twitter:label1" content="Durée de lecture estimée" />
	<meta name="twitter:data1" content="1 minute" />
<script type="application/ld+json" class="yoast-schema-graph">{"@context":"https:\/\/schema.org","@graph":[{"@type":"WebPage","@id":"https:\/\/galerie-argentique.com\/index.php\/produit\/reunion-au-sommet-guyane-christian-capro-photographie\/","url":"https:\/\/galerie-argentique.com\/index.php\/produit\/reunion-au-sommet-guyane-christian-capro-photographie\/","name":"Réunion au sommet - Atelier \/ Galerie argentique","isPartOf":{"@id":"https:\/\/galerie-argentique.com\/#website"},"primaryImageOfPage":{"@id":"https:\/\/galerie-argentique.com\/index.php\/produit\/reunion-au-sommet-guyane-christian-capro-photographie\/#primaryimage"},"image":{"@id":"https:\/\/galerie-argentique.com\/index.php\/produit\/reunion-au-sommet-guyane-christian-capro-photographie\/#primaryimage"},"thumbnailUrl":"https:\/\/galerie-argentique.com\/wp-content\/uploads\/2024\/05\/cadre-jpg.webp","datePublished":"2024-05-19T11:10:16+00:00","dateModified":"2025-08-15T11:53:35+00:00","description":"Guyane Française , tirage argentique numéroté. Christian CAPRON Photographie. Expédition dans nombreux pays, me contacter.","breadcrumb":{"@id":"https:\/\/galerie-argentique.com\/index.php\/produit\/reunion-au-sommet-guyane-christian-capro-photographie\/#breadcrumb"},"inLanguage":"fr-FR","potentialAction":[{"@type":"ReadAction","target":["https:\/\/galerie-argentique.com\/index.php\/produit\/reunion-au-sommet-guyane-christian-capro-photographie\/"]}]},{"@type":"ImageObject","inLanguage":"fr-FR","@id":"https:\/\/galerie-argentique.com\/index.php\/produit\/reunion-au-sommet-guyane-christian-capro-photographie\/#primaryimage","url":"https:\/\/galerie-argentique.com\/wp-content\/uploads\/2024\/05\/cadre-jpg.webp","contentUrl":"https:\/\/galerie-argentique.com\/wp-content\/uploads\/2024\/05\/cadre-jpg.webp","width":900,"height":726,"caption":"Guyane Française"},{"@type":"BreadcrumbList","@id":"https:\/\/galerie-argentique.com\/index.php\/produit\/reunion-au-sommet-guyane-christian-capro-photographie\/#breadcrumb","itemListElement":[{"@type":"ListItem","position":1,"name":"Accueil","item":"https:\/\/galerie-argentique.com\/"},{"@type":"ListItem","position":2,"name":"Boutique","item":"https:\/\/galerie-argentique.com\/index.php\/tirages-de-collections-boutique-editions-limitees\/"},{"@type":"ListItem","position":3,"name":"Réunion au sommet"}]},{"@type":"WebSite","@id":"https:\/\/galerie-argentique.com\/#website","url":"https:\/\/galerie-argentique.com\/","name":"Atelier \/ Galerie argentique","description":"Là où la photographie devient Art","publisher":{"@id":"https:\/\/galerie-argentique.com\/#\/schema\/person\/8df0e7a68763fc385a469968f19edffc"},"potentialAction":[{"@type":"SearchAction","target":{"@type":"EntryPoint","urlTemplate":"https:\/\/galerie-argentique.com\/?s={search_term_string}"},"query-input":{"@type":"PropertyValueSpecification","valueRequired":true,"valueName":"search_term_string"}}],"inLanguage":"fr-FR"},{"@type":["Person","Organization"],"@id":"https:\/\/galerie-argentique.com\/#\/schema\/person\/8df0e7a68763fc385a469968f19edffc","name":"Christian CAPRON","logo":{"@id":"https:\/\/galerie-argentique.com\/#\/schema\/person\/image\/"},"sameAs":["https:\/\/galerie-argentique.com\/","https:\/\/www.facebook.com\/christian.capron.Photographie\/","https:\/\/www.instagram.com\/christiancapron\/?hl=fr"]}]}</script>
<!-- / Yoast SEO plugin. -->

Réunion au sommet - Atelier / Galerie argentique

Guyane Française , tirage argentique numéroté. Christian CAPRON Photographie. Expédition dans nombreux pays, me contacter.

Guyane Française

Là où la photographie devient Art
